ose 3*y - 88 = -2*f, -2*y + 3*f + 37 = -0*y. Suppose -6*w - y = 10. Give l(w).
-3
Suppose -k = -1 - 4. Let p(j) = j**3 - 6*j**2 + 4*j + 4. Determine p(k).
-1
Let p(g) = -3*g**2 + 8*g + 9. Let a(q) = -7*q**2 + 17*q + 19. Let b(v) = 2*a(v) - 5*p(v). Calculate b(6).
-7
Suppose 5*f - 4*f = 0, 3*s - 3*f = -15. Let t(n) = 5*n**2 + 2. Let d(u) = -9*u**2 - u - 4. Let b(k) = 4*d(k) + 7*t(k). Give b(s).
-7
Let r(w) = w**2 + 2*w - 2. Let n(v) = v**3 - 6*v**2 + 5*v + 3. Let b be n(5). Let f(u) = -u**2 - u + 2. Let s be f(b). Let z = s + 6. What is r(z)?
6
Let g(u) be the third derivative of u**6/720 - u**4/24 + u**2. Let a(x) be the second derivative of g(x). Suppose -6*o + 5 = -o, -2*p - o + 7 = 0. Give a(p).
3
Let o(g) be the first derivative of 0*g - 5/2*g**2 - 1/3*g**3 - 8. Let j = -11 - -6. Calculate o(j).
0
Let t(z) = -10*z. Let a be t(-1). Suppose 0*g = g - a. Let s(r) = 9*r + 0 + 1 - g*r. Calculate s(-5).
6
Let n(d) = -d**3 - 5*d**2 - 6*d + 3. Let a(x) = -2*x + 11. Let w be a(0). Let s(l) = -6*l**3 - 26*l**2 - 31*l + 16. Let h(v) = w*n(v) - 2*s(v). Calculate h(4).
1
Let q(u) = -u**2 - 7*u + 3. Let b be q(-7). Let o(y) = 2 - b - 2 - 3*y - 2. Let a(m) = -m**3 - 7*m**2 - 6*m - 4. Let v be a(-6). Give o(v).
7
Suppose -2*l + 0 + 40 = 4*n, -3*l = 4*n - 40. Let h = n - 14. Let k(v) = v**2 + 5*v + 5. Calculate k(h).
1
Let n(k) = -k**2 - k + 3. Let x = -3 + 3. Calculate n(x).
3
Suppose -c = -1, 0*c + 6 = 2*b + 2*c. Let w(i) = 4 - i**b - 5 + 4 - 2. Calculate w(3).
-8
Let x(z) = -14*z + 1. Let w = -110 + 111. Calculate x(w).
-13
Let l(p) = -2*p**2 - 2*p + 3. Suppose 5*w = 3*w. Suppose w = 4*m - 3*k + 4, m - 3*k = -5*k + 10. Calculate l(m).
-9
Let s(k) = k. Let r(y) = -3*y. Let n(f) = -r(f) - 4*s(f). What is n(-2)?
2
Let p(n) = n**3 - 2*n**2 - 2*n + 3. Let x(o) = -o**2 - 5*o + 2. Let a = 8 + -1. Suppose a*b - 3*b + 20 = 0. Let y be x(b). Give p(y).
-1
Let t(j) = 3*j**2 + j - 10. Let w(c) = -2*c**2 - c + 9. Let u(x) = -3*t(x) - 4*w(x). Let l be (1/2)/(1/(-2)). Let q = -1 - l. Give u(q).
-6
Let d(b) = 4 - b - 2*b + 7*b - 2*b**2 - 3. Suppose 4 = 3*h - 5. Give d(h).
-5
Let i(q) = 2*q**2 - q. Suppose 0 = 6*l - 6 - 0. Give i(l).
1
Let c(r) = r**3 - 4*r**2 - 4*r + 2. Let t = 3 + 0. Let g be 32/6 - 1/t. What is c(g)?
7
Let m(u) = 0*u**3 + u**3 - 5*u**2 - u**2. Let s(v) = v**3 - 5*v**2. Let t(o) = -5*m(o) + 6*s(o). Determine t(1).
1
Let m(r) = -11*r**3 + 4*r**2 - 6*r - 1 + 8*r**3 + 4*r. Give m(2).
-13
Let y(o) = -o**3 - 6*o**2 - 4*o + 3. Let h be y(-5). Let w be 2/((h/2)/3). Let x(m) = m + 12. Give x(w).
6
Let x(h) = -h**2 + h + 7. Let n(u) = -u**2 + u + 8. Let b(v) = -6*n(v) + 7*x(v). Let t(w) be the first derivative of b(w). Let o = -1 - -2. What is t(o)?
-1
Let k(v) = v - 1. Let a(n) be the first derivative of 2*n**2 + 7*n - 3. Let b(g) = a(g) + 6*k(g). Give b(-1).
-9
Suppose 5 = -r + 6*r. Let x(n) = 6 + 3*n - 5*n - r + 5*n. Calculate x(-5).
-10
Suppose -4*j + 2*w - 26 = 7*w, -5*w = 5*j + 30. Let r(m) = -m**3 - 3*m**2 + 4*m + 2. Calculate r(j).
2
Let z(l) = -l**3 + 5*l**2 - 2*l - 5. Let s(d) = 2*d**2 - 3*d + 2. Let u be 2/10 + 133/35. Suppose 0 = u*k - 7 - 1. Let m be s(k). Determine z(m).
3
Let x = -50 - -49. Let i(u) be the first derivative of -2*u**3 - u - 1. What is i(x)?
-7
Let h(x) be the third derivative of 1/60*x**5 + 1/4*x**4 - x**2 + 5/6*x**3 + 0*x + 0. Give h(-6).
5
Let q(i) = -i**2 + 14*i - 4. Suppose -4*g - r - 14 = -5*g, -4*g - 4*r + 56 = 0. Determine q(g).
-4
Let c = -10 - -6. Let a = 0 - c. Suppose a*d - 2*t - 3*t - 23 = 0, -3*d + t = -9. Let h(z) = -z**3 + z**2 + 3*z - 2. Determine h(d).
0
Let y = -17 + 11. Let c(v) = 3 - 4*v**2 - 5*v + 3 - 3*v**2 - 2*v**3 + v**3. Give c(y).
0
Let x(y) = 2*y - 2. Let p(k) = k - 2. Let h(j) = -3*p(j) + 2*x(j). What is h(-2)?
0
Let t(p) be the first derivative of p**4/4 - 5*p**3/3 - 5*p**2/2 + 6*p + 18. Give t(6).
12
Let c(f) = -5*f**2 + 16*f - 15. Let w(a) = -a**2 + 4*a - 4. Let t(d) = 2*c(d) - 9*w(d). Calculate t(-5).
1
Suppose 4 = o + 1. Let r(n) = -4*n**3 + 4*n - 5*n + 2 + o*n**3 - 5*n**2 - 2*n. Calculate r(-4).
-2
Let g(z) = -9 + z**3 + 2*z - 6*z**2 + 2*z - z. Suppose -15 = -3*s - 4*r - 5, -3*r = -3*s + 24. Calculate g(s).
9
Suppose -5 = -4*f + 3, t - 3*f = 5. Let r = t + -12. Let o(h) be the first derivative of -11*h**4/4 + h**2 + h - 2. Determine o(r).
10
Let y(c) = -c - 1. Let p(g) = -8*g**3 + 2*g**2 + 2*g + 1. Let v = -6 - -7. Let w(t) = v*p(t) + 2*y(t). Determine w(-1).
9
Let s(l) = l**3 + 5*l**2 + 2*l - 4. Suppose 5*t - 1 = -f, 3*f + 7*t = 3*t - 8. Calculate s(f).
4
Let m(n) = n**3 + n**2 + n + 9. Let q(s) = -s**3 - s**2 - s - 9. Let y(x) = 2*m(x) + 3*q(x). Give y(0).
-9
Let y(p) = 2*p**2. Let i(d) = 2*d**2 + 2*d + 1. Let q(c) = -c + 10. Let w be q(7). Let x be 0 - (-3)/((-9)/w). Let r be i(x). Calculate y(r).
2
Let x(m) = m**2 - 7*m - 2. Suppose -9*h = h - 50. Determine x(h).
-12
Let m(q) = -q**2 + 4*q + 2. Suppose 10*i = 7*i + 15. Give m(i).
-3
Let f(i) be the third derivative of i**5/30 + i**4/12 - i**3/3 - 4*i**2. Calculate f(-2).
2
Suppose -53*k = -50*k + 21. Let q(p) = -p - 8. Give q(k).
-1
Let w(z) be the third derivative of -z**5/30 + z**4/4 - z**2. Let q(b) = -b**3 - 6*b**2 - 5*b - 2. Let m be q(-5). Let i be 0 + m + 2 - -4. What is w(i)?
-8
Let s = 1 - -1. Let v(z) = 5*z - 2. Calculate v(s).
8
Let t(n) = -7*n**3 - n**2. Let m(y) = -2*y**3 - 4*y**2 - 4. Let a be m(-3). Let d = -15 + a. Calculate t(d).
6
Let c(f) = -f**3 - 5*f**2 - 2*f + 2. Let x(m) = m - 8. Let q be 330/70 + 2/7. Let w be x(q). Calculate c(w).
-10
Let y(m) = 3*m**3 + m**2 - m - 2. Let h be y(2). Suppose -3*r = -2*r - h. Suppose 0 = -4*q - r. Let b(v) = v + 3. What is b(q)?
-3
Let w(u) = -u + 1. Let d = -1 - -5. Let l(p) = d - 3*p + 0 - 1. Let c(v) = 3*l(v) - 6*w(v). Give c(4).
-9
Suppose 49 + 6 = 5*y. Let i = y - 6. Suppose 2 = i*f - 4*f. Let z(n) = 2*n**2 - 2*n + 1. What is z(f)?
5
Let u(a) = a + 8. Let g be (36/(-30))/((-6)/(-40)). Give u(g).
0
Let b(k) = 2*k + 19. Let z be b(-9). Let m be (z - 3) + (-10)/2. Let h(r) = r**3 + 8*r**2 + 7*r + 5. Calculate h(m).
5
Suppose 2*o = -3*d - 14, 2*o - 5*d + 6 = -2*o. Let m(h) = -h**2 - 3*h + 5. Give m(o).
1
Let i(f) = f**2 - 3. Let g be 62/6 + 1/(-3). Let y be ((-2)/6)/((-8)/(-168)). Let k = g + y. What is i(k)?
6
Let m(h) = 2*h + 2. Let i be 0 - 2 - (7 - 7). Let x be m(i). Let l(r) = 2*r - 1. Calculate l(x).
-5
Let o(i) = i**3 - 7*i**2 + 8*i - 9. Suppose -s = -1, -2*s = -2*x - 4*s + 14. Determine o(x).
3
Suppose i - 3*i = -18. Let o be ((-6)/i)/((-2)/(-3)). Let v(x) be the second derivative of -5*x**4/12 - x**3/6 - x**2/2 - x. Determine v(o).
-5
Suppose 10*h = 5*h + 30. Let z(n) be the third derivative of n**6/120 - 7*n**5/60 + n**4/4 - 4*n**3/3 + 6*n**2. What is z(h)?
-8
Let o(b) = 0*b + 0*b + b. Let h be -1 - (2 - (-13)/(-1)). Suppose 3*s - h = 2. What is o(s)?
4
Let j(c) = -6*c + 6. Let u = -26 - -30. What is j(u)?
-18
Let d(t) = -6*t**2 + 3. Let q(s) = -s**2 - s + 1. Let m(b) = b + 3. Let r be m(-4). Let z(i) = r*d(i) + 5*q(i). Suppose 2*p - 20 = -3*p. Give z(p).
-2
Let c be 2*((-5)/2 - -1). Let b(d) = -d**3 - 3*d**2 - 3*d - 1. What is b(c)?
8
Let y(b) = b**3 - 3*b**2 + b + 12. Let z(j) = 9*j**3 - 6*j**3 + 2*j**2 + 4*j + 35 - 12*j**2. Let r(s) = 11*y(s) - 4*z(s). Calculate r(6).
-2
Let f(u) be the first derivative of u**4/12 + u**3/3 - u**2/2 + u + 1. Let r(n) be the first derivative of f(n). Give r(3).
14
Suppose -15 = -3*s - 2*j + 3*j, 3*s + 3*j - 15 = 0. Suppose 0*z + z = -s. Let q(x) = 4*x**2 + 2 + 4*x**3 + 2*x**3 - 5*x - 5*x**3. What is q(z)?
2
Let u(g) = g**2 - 2*g - 4. Let o be (3 - -3)/(1 - 2). Let b be (-16)/o*9/(-4). Let m = -2 - b. Give u(m).
4
Let s(v) be the third derivative of -v**5/60 + v**4/6 - 2*v**3/3 - 4*v**2. Give s(5).
-9
Suppose -2*g - g = 5*f - 12, 3*g = -f + 12. Let j(b) = b**2 - 4*b - 1. Let w(i) = i - 1. Let y(t) = -j(t) + 2*w(t). What is y(g)?
7
Let f(x) = x**3 + 9*x**2 + 2. Let p be f(-9). Suppose p*i = 5 + 3. Suppose j + 0 = i. Let z(g) = g**2 - 5*g. Determine z(j).
-4
Let w(b) = 2*b - 9. Let f be w(7). Suppose -f*q + 17 = h, h + h = -4*q + 10. Let t(u) = -3 + 2 - 4 + 2*u - 3*u. Give t(h).
-2
Let k(v) = v**2 + 7*v + 5. Let o(g) = -g**2 + 5*g. Let b be o(6). Calculate k(b).
-1
Let r = 10 + -6. Let w(h) = -1 + 116*h - 120*h - 1 + h**2. Give w(r).
-2
Le